0?
86
Calculate the greatest common factor of 178601711 and 48671.
6953
Calculate the highest common factor of 1346677 and 1007.
53
What is the highest common divisor of 210 and 1573187?
7
Calculate the highest common divisor of 91548522 and 1404.
702
Calculate the highest common divisor of 300 and 8408716.
4
Calculate the highest common factor of 245 and 3759560.
35
Calculate the greatest common factor of 117688480 and 30.
10
Calculate the highest common divisor of 1540 and 67020.
20
What is the greatest common factor of 2276 and 198377298?
1138
Calculate the highest common factor of 10608 and 5833776.
624
What is the greatest common factor of 1068 and 1425068?
356
What is the highest common divisor of 677920462 and 62?
62
Calculate the highest common factor of 204841 and 2119.
13
Calculate the greatest common factor of 732 and 105025164.
732
What is the highest common divisor of 665200 and 12175?
25
What is the highest common divisor of 4906 and 2055874018?
4906
Calculate the highest common factor of 1532 and 33362.
2
What is the highest common divisor of 200287632 and 11952?
3984
Calculate the highest common factor of 523996317 and 124.
31
What is the greatest common factor of 5814 and 59963012?
646
What is the highest common divisor of 106847944 and 4932?
548
What is the greatest common divisor of 60 and 196655980?
20
Calculate the greatest common divisor of 149 and 1245938.
149
Calculate the greatest common factor of 989 and 123108673.
23
Calculate the highest common divisor of 5108215 and 140.
35
Calculate the greatest common factor of 48613 and 588719.
173
What is the highest common divisor of 13089659 and 110?
11
Calculate the greatest common divisor of 1684 and 107000.
4
What is the highest common divisor of 16935 and 446445?
15
Calculate the highest common factor of 380 and 290065.
5
What is the highest common factor of 10 and 287812780?
10
What is the greatest common factor of 20 and 32249860?
20
What is the highest common divisor of 17730 and 350706295?
985
Calculate the greatest common factor of 350 and 6504540.
70
What is the greatest common factor of 2961 and 309267?
63
Calculate the highest common divisor of 409241899 and 11.
11
Calculate the greatest common divisor of 634367965 and 5390.
2695
What is the highest common factor of 1452 and 71736423?
363
Calculate the greatest common factor of 5560 and 581930.
10
Calculate the greatest common divisor of 1027 and 137280.
13
What is the highest common divisor of 9884980 and 1120?
140
Calculate the highest common divisor of 452261970 and 360.
90
Calculate the greatest common divisor of 2058 and 768015759.
1029
Calculate the highest common factor of 89735 and 32195.
685
Calculate the greatest common factor of 14178545 and 10.
5
What is the highest common divisor of 175569 and 60587?
43
Calculate the highest common factor of 263740 and 77620.
20
Calculate the highest common divisor of 330 and 53232498.
66
Calculate the highest common divisor of 2528205 and 1581.
93
Calculate the greatest common divisor of 28397 and 688901.
73
What is the greatest common divisor of 526306 and 69278?
1034
What is the greatest common divisor of 37248957 and 799?
47
Calculate the greatest common factor of 1404747 and 1490777.
1229
What is the highest common divisor of 141191 and 727906?
271
Calculate the highest common divisor of 99142380 and 810.
810
Calculate the greatest common divisor of 1611950 and 4532.
206
What is the highest common divisor of 3215077 and 5354?
2677
What is the highest common factor of 512773838 and 236?
118
What is the greatest common divisor of 14562 and 102078?
18
Calculate the greatest common divisor of 250981 and 5390401.
599
What is the highest common factor of 6443 and 14526691?
379
Calculate the greatest common divisor of 822 and 18137841.
411
Calculate the greatest common divisor of 3445144 and 56.
8
What is the highest common factor of 15662 and 80001496?
15662
Calculate the highest common divisor of 88 and 5452536.
8
What is the greatest common factor of 34 and 61051318?
34
What is the greatest common divisor of 28179201 and 234680?
5867
What is the highest common factor of 3597838 and 4?
2
What is the highest common divisor of 36192 and 7110336?
2784
What is the highest common divisor of 380 and 61662220?
380
What is the highest common divisor of 67782 and 395538?
858
What is the highest common factor of 4 and 13960612?
4
What is the highest common divisor of 97312200 and 240?
120
What is the greatest common divisor of 5961864 and 3180?
636
Calculate the greatest common factor of 134141791 and 2059.
2059
Calculate the greatest common factor of 42441 and 52073.
301
Calculate the greatest common divisor of 14 and 120639813.
7
What is the highest common factor of 295028930 and 14?
14
What is the highest common factor of 41355531 and 693?
63
Calculate the greatest common factor of 265 and 159118985.
265
Calculate the greatest common divisor of 1095534 and 84942.
2178
What is the greatest common factor of 29 and 132552707?
29
Calculate the highest common divisor of 6390 and 186066.
18
Calculate the greatest common factor of 25425288 and 242536.
3416
Calculate the highest common divisor of 17544023 and 2173.
41
Calculate the greatest common factor of 2315 and 936025.
5
Calculate the highest common factor of 160412860 and 20.
20
What is the greatest common divisor of 62951636 and 42662?
514
What is the highest common divisor of 2578 and 7108835?
1289
Calculate the highest common divisor of 98186 and 3685.
11
What is the greatest common factor of 1205747 and 20526?
311
Calculate the highest common divisor of 304 and 30422.
2
What is the highest common factor of 15 and 382597685?
5
Calculate the highest common factor of 36417 and 53531.
199
Calculate the greatest common divisor of 239121 and 494379.
1467
Calculate the highest common divisor of 98563850 and 22.
22
What is the greatest common divisor of 2607852 and 1752?
876
Calculate the greatest common divisor of 6 and 5017497.
3
Calculate the greatest common divisor of 1879332 and 884.
52
What is the highest common divisor of 17420146 and 848?
106
What is the greatest common factor of 42354 and 448578?
234
Calculate the greatest common factor of 37851 and 35501169.
1023
Calculate the highest common factor of 14224 and 7629776.
112
What is the highest common factor of 52306385 and 5050?
505
What is the highest common factor of 944234 and 10553?
173
Calculate the highest common divisor of 3321208 and 33.
11
Calculate the highest common factor of 119805 and 62405.
35
What is the highest common divisor of 321256 and 76245?
13
Calculate the greatest common divisor of 77923411 and 41.
41
Calculate the highest common divisor of 362193 and 1090427.
481
Calculate the highest common factor of 1312 and 8940542.
82
Calculate the highest common divisor of 559489 and 8982407.
1799
Calculate the highest common factor of 19401623 and 857.
857
What is the highest common factor of 16124 and 13077840?
116
What is the highest common divisor of 46225113 and 66?
33
What is the greatest common factor of 840 and 239020530?
210
Calculate the highest common divisor of 4292 and 10643716.
148
What is the greatest common factor of 184 and 102960144?
184
What is the greatest common factor of 156610586 and 297?
11
Calculate the highest common factor of 12806 and 1387092.
674
Calculate the highest common divisor of 141 and 12905918.
47
What is the greatest common divisor of 6 and 40907127?
3
What is the highest common divisor of 50761776 and 1560?
312
Calculate the greatest common divisor of 3656 and 7064.
8
What is the greatest common divisor of 1924480 and 1922?
62
What is the greatest common divisor of 50441277 and 207?
69
What is the highest common factor of 450 and 1320675?
75
What is the highest common factor of 1782000 and 4180?
220
What is the highest common factor of 2576 and 74558456?
1288
What is the greatest common divisor of 196886 and 26?
2
Calculate the greatest common factor of 3560010 and 1060.
530
What is the highest common divisor of 84 and 2809996?
28
Calculate the greatest common factor of 247783080 and 370.
370
What is the highest common factor of 1948 and 78146942?
974
Calculate the highest common divisor of 70272 and 277344.
288
C